302044 (base 6) in base 5?
1230123
What is -1264 (base 9) in base 8?
-1665
550 (base 12) to base 14
3da
What is -277 (base 13) in base 2?
-110110100
What is 3662a (base 11) in base 9?
80218
What is -bc53 (base 14) in base 6?
-410545
13666 (base 9) to base 11
6a8a
20323301 (base 4) to base 10
36593
1001111000001 (base 2) to base 10
5057
-270a9 (base 11) to base 14
-10178
-31010101 (base 4) to base 7
-312016
Convert -10 (base 3) to base 7.
-3
Convert 2200114 (base 5) to base 3.
1220111011
-647 (base 14) to base 16
-4d7
-100110010 (base 2) to base 15
-156
What is -4135 (base 10) in base 9?
-5604
Convert -14244 (base 6) to base 4.
-203110
Convert -788 (base 10) to base 16.
-314
1211110 (base 3) to base 7
3615
540051 (base 6) to base 7
242362
What is -1011020 (base 3) in base 11?
-6a7
What is 771 (base 13) in base 7?
3501
What is 21 (base 16) in base 3?
1020
What is 111010100 (base 2) in base 15?
213
9970 (base 10) to base 4
2123302
What is 2212 (base 7) in base 2?
1100011001
Convert 1001200122 (base 3) to base 10.
20915
What is 126715 (base 9) in base 5?
4432001
What is -6360 (base 7) in base 13?
-103b
Convert -61a0 (base 11) to base 6.
-102013
Convert 21013231 (base 4) to base 8.
110755
Convert 30112 (base 5) to base 3.
2121122
Convert -573 (base 13) to base 2.
-1110101011
What is -1000110011 (base 2) in base 13?
-344
7721 (base 15) to base 11
17a58
Convert -35a7 (base 13) to base 11.
-5765
Convert 133410 (base 5) to base 10.
5480
2900 (base 14) to base 3
100221121
696 (base 13) to base 8
2161
Convert -1101000011000 (base 2) to base 11.
-5023
-8172 (base 10) to base 6
-101500
685 (base 13) to base 4
101203
10230 (base 5) to base 13
411
What is a46d (base 16) in base 15?
c713
Convert -1001110100101 (base 2) to base 6.
-35141
What is -303 (base 10) in base 13?
-1a4
-366020 (base 7) to base 5
-4120044
What is 8057 (base 11) in base 8?
24726
What is -72241 (base 8) in base 10?
-29857
Convert -d07 (base 14) to base 11.
-1a13
-121 (base 4) to base 16
-19
What is 17557 (base 11) in base 9?
36701
Convert -1621 (base 8) to base 11.
-760
-333 (base 4) to base 10
-63
Convert 1210221 (base 3) to base 5.
20241
What is -3230 (base 5) in base 11?
-370
What is 1314 (base 12) in base 3?
2222121
-1011000000 (base 2) to base 10
-704
Convert 776 (base 9) to base 8.
1174
What is -18e2 (base 15) in base 8?
-12413
Convert 325 (base 11) to base 3.
112110
Convert -724 (base 14) to base 10.
-1404
Convert 200102221 (base 3) to base 15.
3eb4
Convert -1500 (base 9) to base 6.
-5130
-3b24 (base 14) to base 2
-10100010110100
Convert 2574 (base 11) to base 9.
4530
3678 (base 11) to base 9
6527
Convert -401e (base 15) to base 4.
-3103121
Convert -22100020 (base 3) to base 14.
-2305
6a9 (base 13) to base 16
481
Convert -12325 (base 6) to base 16.
-73d
What is -11101101000 (base 2) in base 5?
-30041
Convert -93 (base 12) to base 9.
-133
What is -134 (base 15) in base 16?
-112
21131 (base 4) to base 5
4410
Convert -122122 (base 6) to base 15.
-3335
Convert -4038 (base 9) to base 8.
-5607
Convert 412 (base 16) to base 5.
13132
Convert 41413 (base 7) to base 3.
111221001
Convert -5b53 (base 12) to base 5.
-312122
Convert 84706 (base 9) to base 8.
155251
What is -46404 (base 8) in base 13?
-8c88
Convert 8312 (base 9) to base 13.
2a02
What is 16c16 (base 15) in base 12?
36710
1233 (base 7) to base 6
2053
What is 5976 (base 13) in base 7?
51513
a9c (base 13) to base 11
1404
What is 17f2 (base 16) in base 6?
44214
Convert 1438 (base 9) to base 3.
1111022
What is 133c (base 16) in base 7?
20233
What is -b81 (base 14) in base 4?
-203131
20636 (base 8) to base 5
233411
44335 (base 7) to base 2
10101110001101
What is 15780 (base 12) in base 8?
73420
-ec (base 15) to base 10
-222
Convert -5a8 (base 12) to base 2.
-1101010000
Convert 565 (base 9) to base 11.
392
Convert 1774 (base 13) to base 8.
6623
What is b172 (base 12) in base 16?
4b26
Convert 1010122002 (base 3) to base 5.
1203311
Convert -9c4 (base 16) to base 4.
-213010
What is 652 (base 8) in base 11?
358
What is 1103031 (base 4) in base 5?
132300
-2584 (base 14) to base 12
-3988
242 (base 7) to base 8
200
What is 1011000111 (base 2) in base 11?
597
Convert 5047 (base 11) to base 16.
1a32
What is -32 (base 12) in base 9?
-42
-3121230 (base 4) to base 15
-41dc
What is -187c (base 15) in base 7?
-21300
What is -212121221 (base 3) in base 7?
-101134
What is 644f (base 16) in base 6?
314515
Convert 11542 (base 14) to base 16.
a4d6
What is -217 (base 9) in base 2?
-10110010
-22 (base 8) to base 13
-15
1cb (base 15) to base 5
3131
Convert 100121203 (base 4) to base 7.
366556
-423433 (base 6) to base 16
-86cd
Convert 1202333 (base 4) to base 8.
14277
What is -1c16 (base 16) in base 3?
-100212022
-14401 (base 6) to base 14
-ba9
Convert -63c (base 16) to base 14.
-820
-2b44 (base 12) to base 6
-35324
15223 (base 6) to base 5
34323
1572 (base 9) to base 8
2257
30003 (base 4) to base 2
1100000011
11011100 (base 2) to base 10
220
-454 (base 7) to base 12
-177
What is -10021 (base 7) in base 2?
-100101110000
-10203 (base 8) to base 12
-2543
Convert -10011100010110 (base 2) to base 5.
-310011
What is 101012 (base 3) in base 16?
113
What is 504 (base 10) in base 13?
2ca
4253 (base 7) to base 13
8c0
136406 (base 7) to base 10
26270
What is 1388 (base 11) in base 13?
a79
What is 44513 (base 6) in base 3?
22120000
524 (base 9) to base 7
1150
Convert 202414 (base 5) to base 11.
4a69
What is 317 (base 8) in base 3?
21200
What is 10100010010111 (base 2) in base 11?
7897
5de (base 16) to base 15
6a2
What is -db (base 14) in base 7?
-364
Convert -315532 (base 6) to base 8.
-62460
What is 13243 (base 6) in base 14?
a5d
What is -6309 (base 13) in base 16?
-3582
-2025 (base 12) to base 8
-6635
Convert -2231301 (base 4) to base 3.
-120020220
204304 (base 5) to base 14
26bb
-4140 (base 12) to base 9
-10663
What is -17857 (base 10) in base 8?
-42701
-213310 (base 4) to base 12
-1584
13d (base 16) to base 7
632
-112211 (base 3) to base 7
-1111
Convert 2013 (base 6) to base 16.
1b9
-22270 (base 12) to base 8
-130364
Convert 54a8 (base 12) to base 6.
111132
46601 (base 7) to base 2
10111010110101
Convert -679 (base 10) to base 7.
-1660
Convert -9c (base 16) to base 7.
-312
What is -1051 (base 10) in base 6?
-4511
Convert 1001100110100001 (base 2) to base 5.
2224304
-2102201210 (base 3) to base 6
-1005503
1ed (base 16) to base 4
13231
What is 10110 (base 4) in base 15?
136
Convert -7742 (base 8) to base 16.
-fe2
What is 33572 (base 9) in base 2?
101011101000100
What is -49 (base 13) in base 9?
-67
What is -445 (base 7) in base 13?
-148
What is -2547a (base 12) in base 9?
-76584
1984 (base 13) to base 12
226a
Convert -23506 (base 7) to base 3.
-22100021
Convert -bb77 (base 12) to base 6.
-235431
Convert 51144 (base 7) to base 15.
3a39
Convert 11000011111 (base 2) to base 4.
120133
What is 4a9 (base 14) in base 2?
1110100101
What is 19275 (base 10) in base 8?
45513
What is -33321 (base 5) in base 8?
-4440
2012 (base 10) to base 6
13152
Convert 1122153 (base 6) to base 11.
3a246
903 (base 14) to base 16
6e7
Convert 100111111101 (base 2) to base 9.
3451
What is -43060 (base 8) in base 6?
-215104
Convert -1100202 (base 3) to base 2.
-1111100000
What is -1012120 (base 3) in base 2?
-1101101111
Convert -46d (base 15) to base 11.
-832
What is -1850 (base 10) in base 15?
-835
2120 (base 4) to base 3
12122
What is 10210012 (base 3) in base 7?
11021
-20415 (base 6) to base 15
-c32
Convert 10b (base 16) to base 15.
12c
18f (base 16) to base 15
1b9
133103 (base 4) to base 10
2003
What is -105ac (base 13) in base 6?
-344444
What is 405e (base 16) in base 13?
7667
Convert -144 (base 10) to base 11.
-121
What is 23043 (base 9) in base 4?
3233310
101121210 (base 3) to base 8
17077
Convert 132465 (base 7) to base 10.
24939
331401 (base 5) to base 15
3601
Convert -11000110100011 (base 2) to base 8.
-30643
-4d29 (base 15) to base 8
-40120
Convert 68a (base 12) to base 11.
802
Convert -31981 (base 11) to base 16.
-b560
What is 2860 (base 9) in base 2?
100001110000
What is 4a7 (base 13) in base 2?
1100101101
What is 8070 (base 10) in base 11?
6077
What is 596 (base 14) in base 12?
788
What is 60022 (base 7) in base 5?
430142
193 (base 11) to base 5
1343
-245 (base 14) to base 10
-453
